when f is divided by u(4)?
19
Suppose 3*q - 2*r - 30 + 10 = 0, 8 = -2*r. Suppose -5*d - 2 - 8 = 0, q*p = -2*d. What is the remainder when 122 is divided by (p*-1)/(11/(-275))?
22
Let z be 1 + -1 + -1 + 5. Let q = -14 + z. What is the remainder when 27 is divided by (-138)/(-10) + q/(-50)?
13
Let j be (86/3)/((-28)/42). Let z = -23 - j. Calculate the remainder when 76 is divided by z.
16
Let o(j) = -j + 11. Suppose -18 = -4*d + d. Let t be o(d). Suppose -t*g = -3*u - 22 - 111, -91 = -3*g - u. Calculate the remainder when g is divided by 8.
5
Let g = 33 - 37. Suppose -2*b + 40 = -b + 2*k, 5*k - 15 = 0. Calculate the remainder when b is divided by 2/(1/((-38)/g)).
15
Let h = 110 - -117. What is the remainder when h is divided by 19?
18
Calculate the remainder when 29 is divided by (3 - 2)*(-84)/(-4).
8
Let p = -34 + 64. Suppose 0 = 23*m - 22*m - p. What is the remainder when 57 is divided by m?
27
Let x(d) = -80*d + 327. Suppose 0 = 2*h - 5*s - 33, 4*h + 3*s - 27 - 52 = 0. What is the remainder when h is divided by x(4)?
5
Suppose 2*c - 42 = 86. Calculate the remainder when 223 is divided by c.
31
Suppose 125*z + 54 = 131*z. What is the remainder when 86 is divided by z?
5
Suppose -2*s - 3*x = -270, x = 5*s + 148 - 806. What is the remainder when s is divided by 49?
34
What is the remainder when 196 is divided by 2*(18 + 14/2)?
46
Let u(i) be the second derivative of -i**5/20 - 5*i**4/6 - 11*i**3/6 + 2*i**2 + 18*i. Calculate the remainder when 107 is divided by u(-9).
19
Suppose -y + 6*y - 10 = 0. Let g be (-3)/(-1) - (y - -1). Suppose 2*r + 3*r - 130 = g. What is the remainder when r is divided by 9?
8
Suppose -2 + 8 = -h. Let a be (-2)/h*9 - -2. Suppose -85 = -a*z + 5. What is the remainder when z is divided by 7?
4
Let d(m) = 72*m + 669. What is the remainder when d(6) is divided by 16?
13
Suppose 1 = 2*o - 3*c, c = 151*o - 150*o - 3. Calculate the remainder when 0/(-1) - -1*30 is divided by o.
6
Let a = 22 - 22. What is the remainder when 193 is divided by (a - -39)*(20 + -19)?
37
Suppose 58 = q + 4*c, q - 4*q + 226 = -c. What is the remainder when q is divided by 22?
8
Let m(f) = -9. Let u(b) = -b. Let o(q) = m(q) - 2*u(q). What is the remainder when 6 is divided by o(7)?
1
Suppose 8*o = 11*o. Suppose m - 5*m + 232 = o. Suppose -2*w + 2*s - 5*s + 18 = 0, -4*s = 16. What is the remainder when m is divided by w?
13
Suppose 0 = 2*f, -12 = -2*c + f + 18. Suppose h + 5*t = 72, 8*t - 3*t = 15. Calculate the remainder when h is divided by c.
12
Let y = -81 + 93. Suppose -y - 6 = -3*h. What is the remainder when 21 is divided by h?
3
Calculate the remainder when 73 is divided by (-4 + (-27)/(-6))/(5/130).
8
Calculate the remainder when 304 is divided by 276/16 + 5/(-20).
15
What is the remainder when 1490/18 - 60/(-270) is divided by 18?
11
Calculate the remainder when ((-42)/49)/((-4)/84) is divided by 14.
4
Let j(l) = l**3 - 4*l**2 - 7*l + 2. Let u be j(5). Let t(i) = 3*i**2 + 10*i + 19. What is the remainder when t(u) is divided by 33?
32
Calculate the remainder when (304/(-228))/(2/(-1086)) is divided by 81.
76
Suppose -4*j - 2*w = -230, w + 149 = -5*j + 441. Calculate the remainder when j is divided by (-2)/(-1) - (-9 - 1).
11
What is the remainder when -774*((-77)/(-14) + -2*3) is divided by 23?
19
Let z be 2/(-6)*(4 + -4). Suppose -3*j + 32 - 8 = z. Calculate the remainder when j is divided by 6.
2
Let m(y) = -y**3 - 8*y**2 - 6*y - 9. Let x be m(-5). Let d = x - -61. What is the remainder when 17 is divided by d?
3
Let o(x) = -x**3 - 4*x**2 + 5*x - 8. Let b be o(-5). Let m(a) = -a**2 - 13*a - 1. Calculate the remainder when (b/(-3))/((-20)/(-150)) is divided by m(-12).
9
Let v be -4 + ((-2)/3)/((-9)/54). Suppose v = -4*a + 102 - 30. Let i = -46 - -99. What is the remainder when i is divided by a?
17
Let s = 97 + -97. Suppose 5*p - 195 + 10 = s. What is the remainder when 108 is divided by p?
34
Suppose 6*n - 5*n - 130 = 0. Calculate the remainder when n is divided by 35.
25
Suppose -5*m + 2*k = 197, 2*m + k + 77 = -0*k. Let x = m - -62. Let w = 26 + -18. Calculate the remainder when x is divided by w.
7
Let v = 1395 + -1386. What is the remainder when 2535 is divided by v?
6
Suppose -6*m + 113 + 43 = 0. Let h(l) = 8*l - 12. Let k be h(-9). Let z = 134 + k. Calculate the remainder when z is divided by m.
24
Let h = 64 - 39. Suppose -2*x + 3*q + h = 4, 15 = 4*x + 3*q. What is the remainder when 29 is divided by x?
5
Suppose 0 = 4*g - 1 - 11. Suppose 0 = o - 5*p + 6 + 3, 0 = 2*o + g*p - 34. Calculate the remainder when (-4 + -31 + 5)*(-12)/18 is divided by o.
9
Suppose 20 = -4*w + 72. Suppose 0 = -4*k + 3*k + w. Suppose -h + 4*y - 80 = -3*h, -2*h + 78 = 2*y. Calculate the remainder when h is divided by k.
12
Let o(v) = 40*v**2 + 3*v - 27. What is the remainder when o(-3) is divided by 109?
106
Let g(i) = -i**3 + 3*i**2 + 2*i + 2. Calculate the remainder when 57 is divided by g(3).
1
Let g(s) = 4*s**2 - 10*s - 36. Calculate the remainder when g(5) is divided by 2/(-4)*(1 + -13).
2
Suppose -7*t = -3*t - 740. Suppose -h = 3*l - 125, 5*l + 2*h - 24 = t. Suppose -43*u + 34*u = -198. Calculate the remainder when l is divided by u.
19
Let b(v) = -8*v + 96. Calculate the remainder when 253 is divided by b(3).
37
Suppose 2*n - 1071 = -u, n + u = 228 + 305. What is the remainder when n is divided by 30?
28
Let m be ((-65)/39)/(1/3)*-1. Suppose h - l = 8, 3*l = -m*h + 5*l + 37. Calculate the remainder when 20 is divided by h.
6
Suppose 6 = 2*o - 16. Calculate the remainder when 18 is divided by o.
7
Suppose -3*p + 3 = -4*a - 0*a, 3*a = 3*p. Let w = 10 + a. Let j(h) = -6*h + 318. What is the remainder when j(51) is divided by w?
5
Suppose -235 = 7*o - 746. Calculate the remainder when 727 is divided by o.
70
What is the remainder when 302 + 6/10 + 198/(-55) is divided by 38?
33
Suppose 0*h - 4*h = 3*i - 231, 2*i = 2*h - 112. Suppose 24 = 17*n - 15*n. What is the remainder when h is divided by n?
9
Let n = -9 - -17. Let j = 79 - 56. Calculate the remainder when j is divided by n.
7
Suppose -8*l = -7*l + 4*p + 6, -5*l + 3*p + 16 = 0. Calculate the remainder when 8 is divided by l.
0
Suppose c - 4*l = -0*l - 14, -2*c - 2*l = -22. Suppose 5*i - 5*b = 6*i - 8, -i - 3*b + c = 0. Calculate the remainder when i is divided by 1.
0
Let b(r) = 2*r + 6. Let h be b(-3). Suppose 2*u - 132 - 14 = h. Suppose 0*c + 19 = c. What is the remainder when u is divided by c?
16
Let k = -33 + 47. Suppose s + a = 5, -2*s + 5 = -s + 2*a. Let n = k + s. What is the remainder when 55 is divided by n?
17
Suppose -8*y + 11*y - 3*t = 51, -2*t - 4 = 0. Calculate the remainder when 68 is divided by y.
8
Suppose 2 - 5 = -3*d. What is the remainder when 31 is divided by (24/30)/(d/15)?
7
Let t be 3*(4/(-12) + -1). Calculate the remainder when t/(-36) - (-968)/36 is divided by 14.
13
Suppose 3*n - 2*f - 36 = f, 2*f = 4*n - 52. Let d(w) = -w + 24. What is the remainder when 19 is divided by d(n)?
9
Let b(i) = -i**2 + 31*i - 198. Calculate the remainder when b(19) is divided by 5.
0
Suppose 7 - 17 = -2*y. Suppose -2*p + 42 = y*p. Calculate the remainder when 13 is divided by p.
1
Let j = -1235 + 1269. What is the remainder when j is divided by 22?
12
Suppose 6*d - 54 = 3*d. What is the remainder when 5992/68 - 32/272 is divided by d?
16
Let b = 99 - -319. What is the remainder when b is divided by 70?
68
Calculate the remainder when 20/15*(-135)/(-6) is divided by 2.
0
Let g = 15 + -7. Let x = -348 - -370. Calculate the remainder when x is divided by g.
6
Suppose 2*t - 2 = 0, 0*t + t - 96 = 5*y. Let n = 15 - y. Calculate the remainder when 132 is divided by n.
30
Let g(r) be the second derivative of 0 + 1/2*r**3 - 10*r - 2*r**2. What is the remainder when 29 is divided by g(4)?
5
Let b be ((-240)/28)/(-2)*(-14)/(-3). Suppose -b = 8*k - 12*k. Calculate the remainder when 8 is divided by k.
3
Suppose 0*n + 5*k + 3 = -n, 3 = -3*k. Calculate the remainder when 91 is divided by 1 + n - (-42 - 1).
45
Suppose 144 = 26*x - 1078. Calculate the remainder when 186 is divided by x.
45
Suppose -45*g + 70 = -40*g. Suppose -4*t + 29 = -5*p, -4*t + 2*p = 3*p + 1. Calculate the remainder when 1 + 42 + -1 - t is divided by g.
13
Suppose -3*w + 9 = -2*w. Suppose -o + 170 = w*o. Calculate the remainder when 31